20 + g**4/2 - g**3/6 - 2*g**2 - g. Calculate b(v).
2
Suppose 27*v - 83 = 133. Let f(q) = -q**3 + 7*q**2 + 6*q + 9. Determine f(v).
-7
Let c(t) = -t**2 - 10*t - 4. Suppose -6*o + 36*o = -330. Give c(o).
-15
Let u(f) = -f**3 - 9*f**2 + 9*f - 13. Let p be u(-10). Let k be ((-3)/15)/(p/15). Let n(l) = -5*l**2 + l - 1. What is n(k)?
-5
Suppose -16 = 5*z - 56. Suppose -3*o - 4 = -4*l, -l + z = o - 0*l. Let h(n) = -4 + o*n**2 - 2 + 2 + n**3 + 0 - 4*n. What is h(-4)?
12
Let o(b) = b. Let m(i) = i + 2. Let n(j) = -4*m(j) + 3*o(j). Give n(7).
-15
Let k(o) = 12*o + 23 + 5 - 2 - 24. Give k(-2).
-22
Let b(k) be the second derivative of 1/10*k**5 + 1/3*k**3 + 1/2*k**2 - 1/3*k**4 + 0 - 21*k. Calculate b(2).
5
Let l(k) = -k + 4. Let s be l(2). Let b(w) be the third derivative of -3*w**2 + 1/8*w**4 + 0*w - 1/6*w**3 - 1/60*w**5 + 0 + 1/120*w**6. What is b(s)?
9
Let q(c) = 2*c - 7. Let i(d) be the third derivative of 1/12*d**4 + 0*d - d**2 + 5/6*d**3 + 0. Let p be i(0). What is q(p)?
3
Suppose -100 - 4 = -8*k. Let b(i) = -7 - i + k - 4 - 4*i**2. What is b(-2)?
-12
Let s(q) = -q**2 - 8. Let k be (-4)/(-7) - (-120)/35. Suppose -12 = 7*w - 3*w + k*t, 0 = w - t - 3. Determine s(w).
-8
Suppose 3*r + 0*r - 4*h = -4, 0 = 2*r - 2*h + 2. Let i(y) = -1 + r*y**2 + y**2 - 2 + 4*y + 0*y. Suppose 5*n - 2*f + 12 = -13, -2*n - 2*f = -4. What is i(n)?
-6
Suppose -d = 4*g - 9, d = -3*g - d + 3. Suppose 5*p - 4*q = -37, -g*q = 5*p - 0*p + 16. Let f(i) = -3*i. Calculate f(p).
15
Let o(d) = 14*d**3 + 10*d**2 - 16. Let p(v) = 17*v**3 + 10*v**2 + 2*v - 16. Let g(q) = 6*o(q) - 5*p(q). Calculate g(8).
32
Let t(h) = h**3 + 5*h**2 - h - 2. Let q be 2/(-1 + 3)*0/(-3). Suppose 3*m - 4*u = -q*u - 4, 12 = -2*m - 2*u. Determine t(m).
18
Suppose 3*s - 4*n = 4*s - 3, 5*s - 15 = -4*n. Suppose 5*a - a + s*f = 19, 5*f = -15. Let q(d) = -d**3 + 6*d**2 + 7*d + 8. Give q(a).
8
Let o(n) be the third derivative of -n**7/840 + n**6/60 + n**5/120 - n**4/4 - 8*n**3 + 23*n**2 - 1. Let c(j) be the first derivative of o(j). Calculate c(6).
0
Let q(a) be the first derivative of a**3/3 - 5*a**2/2 + a + 3. Let o(u) = 3*u**2 - 2. Let t be o(-2). Let w be 1/(4/t)*2. Determine q(w).
1
Let w = -4 - -13. Let q = -10 + w. Let z(s) = -4*s + 4*s - 1 + 9*s. What is z(q)?
-10
Let v = 233 - 223. Let s(k) = k**3 - 10*k**2 - k - 1. Determine s(v).
-11
Let r = 14 + -10. Let n(b) = b**3 - 3*b**2 - 4*b - 5. Let g be n(r). Let m(y) = -16*y - 16. Let k(c) = -5*c - 5. Let h(z) = 10*k(z) - 3*m(z). Give h(g).
8
Let b(f) = f**3 + 2*f**2 + 5*f + 3. Let h = 3 + 7. Let j(s) = -s**3 + 12*s**2 - 18*s - 23. Let y be j(h). What is b(y)?
-21
Let h be ((-6)/(-4))/(33/44). Let z be (1 - (2 - h))*-3. Let f(k) be the first derivative of 2*k**2 + 2*k + 3. Calculate f(z).
-10
Let y(u) = 13*u - 220. Let x be y(17). Suppose 15 = r + 4*r. Let h(w) = 0 - w - r - x. Give h(5).
-9
Let r(m) be the second derivative of m**3/6 + 3*m**2/2 - 54*m - 2. Give r(-5).
-2
Suppose 0 = -0*p - 8*p + p. Suppose -2*h + 2 = -h. Let b(t) = 4 + t - 2*t - 3 - h. Give b(p).
-1
Let b(i) = 5*i**3 + 2*i**2 + 2*i + 1. Let r = -13 + 20. Let g be (7/21)/((-1)/6). Let n be 5/(-7) + g/r. Determine b(n).
-4
Let c(h) = -3*h**3 - 15*h**2 - 2*h + 1. Let u(b) = -4*b**3 - 22*b**2 - 3*b + 1. Let y(d) = -7*c(d) + 5*u(d). Calculate y(5).
-7
Suppose -737*p + 731*p = -36. Let h(r) be the second derivative of -p*r - 3/2*r**2 + 0 - 1/2*r**3. Determine h(-6).
15
Let c(k) = -3*k**2 - 2 - 2*k**2 - 5 - k**3. Let f(m) = 3*m**3 - 13*m**2 - 2*m + 19. Let g be f(4). Calculate c(g).
-7
Let d be (-4)/(-12) + (-3)/9. Suppose -12 = -4*u, d = 2*y - 3*u - 4 + 23. Let n(s) = s**2 + 4*s + 1. What is n(y)?
6
Let b(a) = a - 4*a**2 + 7 + 6*a + 3*a**2 - 2. Let z be 9 - (0 + (3 - 0)). What is b(z)?
11
Suppose l - 4 = -l + 2*o, -l = -2*o. Let c be (-5)/(-5)*(-2)/(-2). Let z(i) = -i + i**2 - l*i**3 - c - 2*i**2 + 0. What is z(-1)?
3
Let a(z) = 4 - 5*z + 4*z + 0 + 5. Let j(k) = -k + 7. Let m be j(4). Suppose 3*w - 4*w - 3 = 0, 5*h = -w - m. Give a(h).
9
Suppose -f + 5*t = -21 - 3, 3*t + 17 = -2*f. Let v = f - 2. Let q(o) be the first derivative of 3*o**2/2 + 4*o + 3. Calculate q(v).
-5
Let l(x) be the first derivative of x**4/4 - 7*x**3/3 + 4*x**2 - 9*x + 21. Let p be l(6). Let k(w) = -w - 4. Give k(p).
-7
Let d(t) = -145*t - 154*t + 286*t - 2 + 4. Determine d(-2).
28
Suppose -16 = -b - 21. Let p(r) = -r**3 - 4*r**2 + 2*r. Calculate p(b).
15
Let k(n) = -2*n + 6. Let y(d) = d - 1. Let j be y(12). Let o = j - 11. Suppose 7*a = 42 - o. What is k(a)?
-6
Let a(w) = 3*w**2 - w + 3. Suppose -8*k = -9*k - 2. Let h(l) = -l**2 - l - 1. Let y(j) = k*h(j) - a(j). Calculate y(3).
-1
Let v(b) = -b**2 + 8*b - 5. Let f(m) be the first derivative of -2*m**2 + 53*m + 4. Let x be f(12). Give v(x).
10
Let t(s) = -4*s - 3. Let z = 13 + -15. Let b be t(z). Let v(g) = 6 - b + 6 + g. What is v(-6)?
1
Let x(h) = -6*h**3 + 10*h**2 + 2*h + 4. Let r(a) = 5*a**3 - 9*a**2 - a - 3. Let v(y) = 5*r(y) + 4*x(y). Suppose -5*p = 41*p - 138. Determine v(p).
-8
Let y(l) = 5*l - 5. Let v(c) = -2*c - 2. Let i(m) = -2*v(m) - y(m). What is i(-11)?
20
Let a(s) = 24 + 6*s**3 + 4*s**2 - 13 + 2*s - 13 - 2*s**3. Determine a(-2).
-22
Let f(m) = -2*m**2 - 2 - 1 + m - 7*m. Let d be -2 + (5 - (-5 + 6)). Suppose c + 14 = -4*t - 2, -16 = 4*t + d*c. Determine f(t).
-11
Let k(u) = -7*u - 2. Let z be k(0). Let f(a) = -a**2 - 3*a - 4. Give f(z).
-2
Let k(w) be the third derivative of -w**6/360 - w**5/120 - w**4/3 - 25*w**3/3 - w**2 - 17. Let a(x) be the first derivative of k(x). Determine a(0).
-8
Suppose y = 5*d - 67, -d + 36 = 3*y + 13. Let k(z) = -d + z - 1 + z - 3*z. Determine k(0).
-15
Let j(a) = -52*a + 19*a + a**2 + 1 + 19*a + 11*a. Calculate j(5).
11
Let i(a) = -a - 15. Let g(x) = 6*x - 87. Let r be g(13). What is i(r)?
-6
Let u(r) = 8 + 22*r - 42*r + 19*r. What is u(15)?
-7
Let j be ((-2)/(-2) + 9)/2. Let f(p) = 2*p - 21. Let o be f(11). Let s(z) = 6 + 1412*z - o - 1410*z. Calculate s(j).
15
Let f(u) be the second derivative of -u**6/360 - u**5/30 + 2*u**4/3 + 11*u. Let w(h) be the third derivative of f(h). Calculate w(-5).
6
Suppose -18 = 4*h + 2. Let p = -10 + 15. Let b(f) = -1 - p - 4*f + 3 - f**2. Give b(h).
-8
Let v(p) = 4000*p - 2004*p - 2003*p + p**2 + 1. Calculate v(7).
1
Let c(f) = 14*f**2 - 53*f + 31. Let z(i) = -5*i**2 + 18*i - 11. Let x(p) = 6*c(p) + 17*z(p). Give x(-11).
10
Suppose 0 = 779*r - 791*r + 48. Let c(g) = -7*g + 8. Let t(k) = -11*k + 12. Let m(y) = 8*c(y) - 5*t(y). Determine m(r).
0
Let d(m) = 2*m - 6. Let l(b) = b**2 + 6*b + 11. Let u be l(-3). Suppose -u*k - 2 - 2 = 0, k = -s + 2. Give d(s).
2
Let i(w) be the second derivative of -w**4/12 + 2*w**3 - 2*w**2 + 2*w - 4. Calculate i(12).
-4
Let r = 4 - 1. Let k be 22 - (7 + -3) - r. Suppose 5*t = 2*t + k. Let g(z) = -z**2 + 9*z - 5. What is g(t)?
15
Let m(b) = -b**3 - 9*b**2 - b. Let k = 152 - 161. Determine m(k).
9
Suppose -u - 3*u + 12 = 0. Suppose -6 = -3*z - q - q, 2*z + u*q + 1 = 0. Let p(s) be the second derivative of -s**4/12 + s**3/3 + 5*s**2/2 + 15*s. What is p(z)?
-3
Suppose 166*n - 6 = 167*n. Let i(r) be the third derivative of r**4/12 + 7*r**3/6 + r**2. Calculate i(n).
-5
Let o(w) = w - 14. Let a = -139 - -150. Determine o(a).
-3
Suppose 3*b - 31 = -16. Let y(k) = -3*k + 1. Let n(q) = 1. Let x(a) = b*n(a) - y(a). Calculate x(-4).
-8
Let d(t) = -t**3 + 2 + 5*t - 4 + 3*t**2 - 2*t**2. Let j be 27/(-18)*(0 + -2). What is d(j)?
-5
Suppose 3*g + 89 - 62 = 0. Let s(o) = -o**3 - 8*o**2 + 9*o. Determine s(g).
0
Suppose -13*g - 44 = -200. Let x(h) = -2*h + 4*h**2 + 1 - 14 + g. Calculate x(-1).
5
Let a = 9 - 12. Let z(m) = 13*m**2 + 9*m - 7. Let d be -5 + 3 - 0/(-2). Let b(l) = 4*l**2 + 3*l - 2. Let x(f) = d*z(f) + 7*b(f). Determine x(a).
9
Let k(f) = -f**3 - 5*f**2 - f + 2. Let v = 28 + -26. Suppose 0 = x + 1, v*q - 3*x - 13 = 4*q. Determine k(q).
7
Suppose -14*t = 4*p - 17*t - 16, 3*p - 3*t - 9 = 0. Let j(c) = 12*c - 5*c + 0*c**2 + 2 - c**2. Calculate j(p).
2
Suppose x + 32 = -f + 34, 0 = 3*f - 5*x - 30. Let k(i) = -i**2 + 14*i - 10. Calculate k(f).
35
Let o(p) = p**3 - 3*p**2 + 3*p. Suppose -5*d = -0 - 10. Let k = -7 - d. Let g(v) = v**2 + 8*v - 7. Let w be g(k). Give o(w).
2
Suppose 0 = 63*w - 65*w + 2. Let r(t) be the second derivative of 13*t**4/12 + t**3/3 - t**2/2 - t. Give r(w).